f -1/12*v**5 + 1/120*v**6 + v**2 + 0 + 1/12*v**4 + 2/3*v**3 + 0*v. Calculate a(c).
-4
Let s(u) = u**2 + 5*u + 7. Let c(q) = -q**3 - 4*q**2 - 2*q + 1. Let o be c(-3). Let z(b) = b**2 + 5*b + 1. Let x be z(o). What is s(x)?
7
Let s(r) = r**3 + 5*r**2 + 2. Let m = 9 - 14. Let t be s(m). Let a(l) = -2*l**2 + 0*l + 3*l**2 - 2 - l. What is a(t)?
0
Let j(l) be the first derivative of 0*l**2 - 2 + 1/6*l**4 + 1/3*l**3 - 1/120*l**5 + 0*l. Let r(z) be the third derivative of j(z). Give r(0).
4
Let s be 1/4*(1 - -7). Let h(q) = -6 + s + 4 + 2 - q. Calculate h(-6).
8
Suppose -6*x = -2*x. Suppose 0 = 5*q - 0*q. Let g(d) = -2*d + 5*d + q*d + 4 - 4*d. Calculate g(x).
4
Let l(y) be the first derivative of y**5/20 - y**4/6 + y**3/3 - y**2/2 - 4*y + 3. Let g(j) be the first derivative of l(j). What is g(2)?
3
Let k(p) be the second derivative of -p**8/6720 + p**7/2520 - p**6/240 + p**5/60 - p**4/4 + 2*p. Let m(n) be the third derivative of k(n). Give m(2).
-8
Suppose 0 = -2*w - 4*q - q + 24, -2*w + 2*q = 4. Let m(y) = y**2 + 2*y - 6. Let n be m(w). Let v(u) = -u**3 + 5*u**2 - 2*u. Give v(n).
8
Let o(s) = s. Suppose -l + 0*l - 4 = 0. Let r(n) = -n**3 + 3*n**2 + 11*n - 1. Let i(p) = p**2 + p - 1. Let v(b) = 6*i(b) - r(b). Let f be v(l). What is o(f)?
-1
Suppose -8*g = -5*g + 18. Let r(m) = -m**3 - 5*m**2 + 7*m. What is r(g)?
-6
Let n(k) be the third derivative of -k**5/60 - k**4/6 - k**3/2 + 7*k**2. Determine n(-5).
-8
Let p be (1 + -2)/(1/4). Let n(a) = 11 + a**3 - 2 - 4 - 10 + 4*a**2. Give n(p).
-5
Suppose -1 = -s - p + 5*p, -5 = -5*p. Suppose 3*h - 2*h = 2. Let j(o) = h - 4*o - o**2 + 4*o - o + 7*o. Give j(s).
7
Let u be 136/14 - (-4)/14. Suppose 30 = -5*i + u. Let s(n) be the first derivative of -n**3/3 - 2*n**2 + 3*n + 4. Calculate s(i).
3
Let k(d) = -d. Let l(x) = 2*x + 1. Let b(j) = -14*k(j) - 6*l(j). Let g(q) = 2*q - 7. Let w(y) = -3*b(y) + 2*g(y). Determine w(4).
-4
Let o(w) = 79*w**2 + 4*w - 3. Let p(v) = 26*v**2 + v - 1. Let s(t) = 2*o(t) - 7*p(t). Determine s(-1).
-24
Let v(u) = -u**3 - u**2 + 3*u - 1. Let y(w) = -7*w - 2*w**2 + 3 + 2*w**3 - 6 - w**3 + 5*w**2. Let k be y(-5). Let t be (-16)/72 - 40/k. Calculate v(t).
-7
Let s = -1 + 15. Suppose -5*c = -s - 1. Let v(d) = -d + 1. What is v(c)?
-2
Let p(n) = -3*n**2 + 3*n + 2. Let j(u) = 4*u**2 - 4*u - 3. Let a(t) = -2*j(t) - 3*p(t). Suppose -2*v = -0*v. Suppose 4*h - 2*h - 4 = v. Calculate a(h).
2
Let c(p) = -p**2 + 4*p. Let s(a) = a + 11. Suppose 2*h = h - 5. Let v be s(h). Suppose 3*m = 9 + v. Determine c(m).
-5
Let u(i) = -i + 4. Let d = 13 - 10. Calculate u(d).
1
Suppose 31 = 4*u - 5*j, 0*j - 15 = 5*j. Let d = u - 9. Let a(g) = g + 4. Calculate a(d).
-1
Suppose -h - 16 = -r - 3, 61 = 5*r - 4*h. Let b = 0 + 0. Let u(q) = 5 + b*q - 2*q - r. Give u(-4).
4
Let j be 1 + 2 + 2 + -3. Let p(v) be the third derivative of v**5/20 - v**4/8 + v**3/6 + 16*v**2. What is p(j)?
7
Let q(l) = -6*l - 26. Let i(m) = -m - 5. Let c(t) = 16*i(t) - 3*q(t). Let f(v) = -2 + 3*v + v**2 - 2 - 1. Let s be f(-5). Calculate c(s).
8
Let d = -5 - -9. Let x(y) be the first derivative of -1/4*y**4 + 5*y + 1/2*y**2 - 2 + y**3. What is x(d)?
-7
Let o(u) = 2*u + 6. Suppose -5*v = -4*c - 0 - 3, 5 = -2*c - v. Let q = c - -4. Let b(k) = -k**3 + k + 1. Let n be b(q). Give o(n).
-4
Let p(a) = a**3 + 7*a**2 + 2*a + 3. Let v(t) = 2*t**3 + 8*t**2 + 2*t + 2. Let m(j) = -3*p(j) + 2*v(j). Give m(5).
-15
Let m(u) = 2*u**2 - 7*u + 3. Let g(a) = a**2 - 3*a + 2. Let l be ((-1)/3)/((-4)/(-60)). Let h(k) = l*g(k) + 3*m(k). What is h(4)?
-9
Let a(d) be the second derivative of -d**5/20 + d**4/6 + d**3/6 - 2*d**2 + 32*d. Let l(j) = j**3 + 2*j**2 - j + 1. Let q be l(-2). What is a(q)?
-10
Let s(a) = -2*a**2 + 3 + a**2 + 5*a - 3*a. Suppose 3*i - 7 + 0 = -5*p, 3*i - 5 = -4*p. Suppose 0 = -5*o - p*w, 5*o - 5*w + 35 = -0*o. Calculate s(o).
-5
Let s(n) = -n**3 + 5*n**2 - 2*n - 3. Let g(i) be the second derivative of i**5/20 + i**4/12 + 2*i**2 - i. Let f be g(0). Give s(f).
5
Let c(f) = -f**2 + f + 2. Suppose -d - 5 = 0, 0*d = -2*r + 5*d + 165. Let z be 24/(-14) + (-20)/r. Let u be 4*1/z - -5. Determine c(u).
-4
Let l be 1/1*(-12)/(-4)*-1. Let k(p) = p**2 + 5*p. Calculate k(l).
-6
Let w(a) = -2*a - 7. Let m be (2 + (-18)/4)*2. Give w(m).
3
Let m(y) be the third derivative of -7*y**4/24 - 12*y**2. What is m(2)?
-14
Suppose 2*b - 4*b - h = -4, 0 = 3*b - h - 1. Suppose -2*x + 7 = -b. Let p(n) = -6 + 1 + n + 1. What is p(x)?
0
Let d be (2 + (-3)/2)*-2. Let f be -1*(1 - 6)*d. Let m(z) be the second derivative of z**5/20 + z**4/2 + 2*z**3/3 + z**2/2 - 8*z. Determine m(f).
6
Let w(t) = -t - 2. Suppose -1 = -n - 4. Let l = 5 + n. Suppose -l*b + 8 = -4*b. Give w(b).
2
Let n(i) = 6*i - 10. Let u(v) = -v + 1. Let p(c) = n(c) + 5*u(c). Suppose 0 = 16*m - 19*m. Calculate p(m).
-5
Let x(m) be the second derivative of 3/2*m**2 + 5/12*m**4 + 0 - 3*m - 2/3*m**3 - 1/20*m**5. Let i(r) = -r + 11. Let z be i(9). Calculate x(z).
7
Let q(o) = o + 10. Let v be q(-7). Let k(l) be the second derivative of l - 3/2*l**2 - 1/6*l**v + 0 + 1/12*l**4. Determine k(0).
-3
Let v(i) = -17*i - 7. Let y(j) = -11*j - 5. Let r(b) = 5*v(b) - 8*y(b). Give r(-4).
-7
Let g be 4/(-1) + 0 + 10. Let l(d) = d - 1. Let v(t) = -t + 1. Let o(k) = g*v(k) + 2*l(k). Determine o(3).
-8
Let i(f) = -f**2 - 6*f + 5. Suppose -5*p + 6*p = -6. Give i(p).
5
Let g(j) = -7*j - 9. Let l(b) = -4*b - 5. Let h(f) = -3*g(f) + 5*l(f). Calculate h(-2).
0
Let m(a) be the third derivative of a**6/120 - a**5/10 + a**4/4 - 2*a**3/3 + 4*a**2. Let r be m(5). Let f(c) = c + c**3 - c**2 - 2*c**2 - 4 + r. Determine f(3).
0
Let t(k) = -k**2 - k**3 - 7*k + 2*k + 5 - 5*k**2. Let d(j) be the third derivative of j**6/20 + j**3/6 + j**2. Let g be d(-1). Determine t(g).
5
Let b(n) = -n - 3. Let h(c) = -c**3 - 6*c**2 + 8*c + 10. Let w be h(-7). Give b(w).
-6
Let l(d) be the third derivative of d**6/120 - d**5/10 + d**4/4 + d**3/6 + 17*d**2. What is l(5)?
6
Suppose -240 = -13*f - 7*f. Let b(y) = y**2 - 12*y - 7. What is b(f)?
-7
Suppose 0*t - 12 = -t. Let f be (1 + 6/(-4))*t. Let k be 5/(15/f) - 2. Let o(j) = 2*j + 2. What is o(k)?
-6
Let y(n) = n**2 - 4*n + 6. Let b be y(4). Suppose b = 5*h - 4. Suppose f + 18 = -h*f. Let q(z) = z + 7. What is q(f)?
1
Let j = -98 + 91. Let p(t) = t + 1. Give p(j).
-6
Let j(v) = -71*v + 40*v + 3 + 32*v. Determine j(-6).
-3
Let k(y) = -y**2 - 3*y + 5. Suppose 3*g - 2 - 20 = 5*z, -g + 10 = z. Let r(a) = -a**3 - 5*a**2 - 5*a. Let m be r(-4). Let t = m - g. Give k(t).
-5
Let i = 1 + 1. Let w(q) = -q**2 + 7*q - 4. Let p be w(6). Let b(x) = x**i - 2*x**2 - x + p*x + 0*x**2. Calculate b(3).
-6
Suppose 4*b - 18 = 2*b. Suppose -j - b = -4*j. Let m(d) = d - 2. Let z(n) = -1. Let g(t) = m(t) - 2*z(t). Determine g(j).
3
Let i(l) be the third derivative of -l**6/20 - l**4/24 - l**3/6 - 28*l**2. Calculate i(-1).
6
Let y(x) be the second derivative of x**5/20 + 5*x**4/12 + 2*x**3/3 + 3*x**2/2 - 42*x. Let r be (0 + -1)*(-2 + 6). Calculate y(r).
3
Let k(b) = b**3 + 7*b**2 + 6*b + 1. Let g be k(-6). Let h(v) = 11*v**2 - 2*v + 1. Determine h(g).
10
Let p(d) be the first derivative of -d**4/4 - d**2 + d + 1. Let l = 51 - 49. Calculate p(l).
-11
Let g(n) = -n**3 - 7*n**2 + 8*n + 2. Let w be g(-8). Suppose -w*r = 3 - 7. Let x(y) = 1 - 4*y**2 - 3*y**2 - y**r. Determine x(-1).
-7
Let m(v) = -4*v**3 - 2*v**2 - 2*v + 1. Let f(c) = -9*c**3 - 5*c**2 - 5*c + 3. Let s(o) = 3*f(o) - 7*m(o). What is s(0)?
2
Let b(t) = 3*t - 35. Let a(x) = -x + 12. Let o(s) = -11*a(s) - 4*b(s). Give o(0).
8
Let n(k) = -k**3 - 6*k**2 + 5*k + 1. Suppose 3*c - 75 = -96. What is n(c)?
15
Suppose -x + 11 = -2*t, 4*t + 9 = -x - 28. Let k(u) = -u - 3. What is k(t)?
5
Suppose -2*r = x + 1 - 8, 0 = -3*x + 3*r + 3. Suppose 2*o + 3*n - 19 = 0, -4*o = 2*n - 0*n - 18. Let j(s) = 4 - 4 + 1 + o*s**2 - 4*s. What is j(x)?
7
Let k(m) = -12*m**3 - m**2 + m**3 + 2*m**3. Let w = 11 + -6. Suppose 0 = 2*s - 3*s - 2*q - 9, -w*q - 17 = -3*s. Determine k(s).
8
Let q be 1*-1*4/2. Let n(i) = -2*i - 2. Let v(w) = -3*w - 2. Let r(l) = -4*n(l) + 3*v(l). What is r(q)?
4
Let g(a) be the second derivative of a**4/12 + a**3/6 - a**2/2 + 26*a. What is g(0)?
-1
Let n(u) = -u - 7. Let h(d) = -d - 13. Let y(l) = -6*h(l) + 11*n(l). Calculate y(2).
-9
Let g(f) be the third derivative of -1/12*f**4 - 1